-38*v + 33*v + 565, 1169 = 4*p - 3*v. Calculate the greatest common factor of p and 70.
10
Let f = 149 + -146. Suppose 2*r + f*q = 7*r - 333, -2*q + 328 = 5*r. Calculate the highest common divisor of 6 and r.
6
Let k = -243 + 384. What is the greatest common divisor of k and 94?
47
Let z be ((-39)/9 + 5)/(6/9). What is the greatest common divisor of z and 11?
1
Suppose -22 = -2*n + 5*f, 0 = 2*n - 4*f - 20 - 0. Suppose -3*o + 96 = r + 4*r, 2*r + o - 38 = 0. What is the greatest common factor of n and r?
6
Let p = 370 - 178. Calculate the greatest common divisor of p and 12.
12
Let a be ((-10)/(-15) - (-33)/(-9)) + 137. What is the greatest common factor of 335 and a?
67
Suppose i - 6*i + 140 = 0. Suppose 5*k + 4*f - 56 = 0, k + f - 2 = 10. Suppose 7*v = k*v - 70. Calculate the highest common factor of v and i.
14
Let i be 6/2 + 15 + 7. Let m = i + -24. Suppose -2*o - 8 = -4*o. Calculate the highest common factor of o and m.
1
Suppose 0 = -2*x - 4*t + 628, 0 = -x - 5*t + 191 + 129. Calculate the highest common divisor of x and 10.
10
Let f = -134 - -457. Calculate the greatest common divisor of f and 17.
17
Let u = -18 + 18. Suppose u = -w + 5, -4*w - 6 = -t. Suppose 21 = -n + 86. Calculate the greatest common divisor of t and n.
13
Suppose 69*d + 1045 = 74*d. Let h(j) = j**3 + 8*j**2 + 6*j + 6. Let n be h(-7). Suppose -82 = -5*f + n. What is the greatest common factor of d and f?
19
Let x(z) = -z**3 - 5*z**2 + 5*z - 1. Let b be x(-6). Suppose b*l - 189 = 126. Calculate the greatest common factor of l and 7.
7
Let v = 626 + -618. What is the greatest common factor of 1 and v?
1
Suppose 7*r - 27 = -s + 6*r, 0 = -5*s + 4*r + 117. What is the greatest common divisor of s and 750?
25
Let y = -35 - -60. Suppose v = -r + 18, 5*v + 39 = -r + 109. Let u = y - v. Calculate the highest common factor of 48 and u.
12
Let g = -360 - -389. Calculate the greatest common factor of g and 1189.
29
Let s = 2 + 20. Suppose -3*o - 43 = 92*v - 97*v, o + 29 = 3*v. Calculate the greatest common factor of v and s.
11
Suppose 65 = -3*t + 3*v - 5*v, -12 = 3*v. Let n be 54/(-72) - t/4. What is the highest common factor of n and 44?
4
Suppose -5*z - 2*t = 4 - 16, 4*z = -3*t + 11. Suppose z*o + 2*o = 80. Let d be 210/((-1)/12 - 247/(-156)). What is the greatest common factor of o and d?
20
Let d = -110 - -113. Suppose 3*q + 2*s = 83, -72 = -q - 5*s - 27. Let o = q - d. What is the highest common divisor of 22 and o?
22
Let y(r) = -r**2 - 22*r - 82. Let c be y(-8). Suppose -86 = -4*w - 6. Calculate the greatest common divisor of c and w.
10
Let j be (-11 - -7) + -1 + 8. Let k be j/((-2 + -2)/(-4)). Let l = 47 - 46. Calculate the highest common factor of k and l.
1
Suppose 53*q = 67875 + 27896. What is the greatest common factor of q and 13?
13
Let t(z) = 3*z**3 - 69*z**2 - 6 + 35*z**2 - 2*z + 33*z**2. Let y be t(3). What is the greatest common divisor of y and 20?
20
Let l(m) = 4*m + 4. Let n be l(3). Let a be (4/2 - 3) + 736/n. Calculate the highest common divisor of 15 and a.
15
Let f(b) = b**3 - 14*b**2 + 17*b - 11. Let i be f(13). What is the greatest common factor of 82 and i?
41
Let r be -3*((-1)/((11/(-4))/(-11)) + 1). Suppose 4*l = 5*c - 39 + 116, -3*l + 51 = 3*c. Calculate the highest common factor of r and l.
9
Let m be 4/2 + (-1)/1 + 15. Suppose 0 = -2*j - 4*u + 6, 4*j - 8 - m = -5*u. Calculate the greatest common divisor of j and 99.
11
Let y be ((-117)/45 - -5)/((-6)/(-20)). Let m = -81 + 145. What is the greatest common divisor of m and y?
8
Let b be 11 - 12 - (0 + -5). Let d = -5 + 9. Let j be (d/b)/((-2)/(-90)). What is the highest common divisor of j and 15?
15
Suppose -q + 1 = 1. Let a = q - -21. What is the greatest common divisor of a and 168?
21
Let f(r) = r**3 + 8*r**2 - 8*r + 1. Let b be f(-9). Let g be (b/(-12))/(2/6). What is the highest common factor of 6 and g?
2
Let a = -3 + 14. Suppose -16*z = -17*z + a. Suppose 5*k = 2*p + 11 - 40, 31 = p + 3*k. Calculate the greatest common factor of p and z.
11
Suppose 5824*z - 2075 = 5819*z. What is the greatest common divisor of z and 1?
1
Suppose 282*p = 342*p - 360. What is the highest common factor of 201 and p?
3
Let u be (-7)/(42/(-27)) - 3/(-2). What is the highest common factor of u and 3?
3
Let j = -21 - -24. Let f be (-1)/2*12/((-9)/j). Let x(s) = s + 1. Let b be x(5). Calculate the highest common factor of f and b.
2
Let z = -1299 + 1474. What is the greatest common factor of 100 and z?
25
Let j be 183 - 36/6*-1. Calculate the greatest common divisor of j and 42.
21
Suppose 8 = 3*f - 4. Let q = f - 10. Let u be (-10)/(-30) - 382/q. What is the highest common divisor of u and 16?
16
Let m(t) = -t**3 + 8*t**2 - 2*t + 12. Let d be m(6). What is the highest common divisor of 90 and d?
18
Suppose -13 - 7 = -2*l. Let p be (-3 + (-455)/15)*(-3)/2. What is the highest common divisor of p and l?
10
Let j(l) = 8*l - 13. Let x be j(5). Let o = x - 5. Calculate the highest common divisor of o and 143.
11
Suppose -11*q = -16*q. Suppose q = 8*g - 46 - 314. Calculate the greatest common factor of g and 60.
15
Suppose 5*l - v - 3 = 2, 4*v = l - 20. Suppose -2*i - x + 309 = 0, l = 5*i + x + x - 771. What is the highest common divisor of 17 and i?
17
Suppose -5*p + 143 = -a, -2*a = -p - p + 326. Let k be (a/(-140))/(22/10 - 2). Calculate the greatest common divisor of 2 and k.
2
Suppose 182021 = 71*k - 162187. What is the greatest common factor of k and 12?
12
Let u(v) = -v**3 + 27*v**2 + 2*v - 40. Let a be u(27). Suppose 5*l - 3*l = 56. Calculate the highest common factor of a and l.
14
Let u be (-21)/9*-3 - -8. Let b(z) = 4*z**2 + 3*z - z**3 - 6*z + z + 2. Let f be b(3). Calculate the highest common divisor of f and u.
5
Let p be (-12)/(-9)*9486/24. Calculate the highest common factor of 62 and p.
31
Let j be -22*(41 - -4)/(-5). Let p(k) = k**2 - 4*k - 14. Let s be p(8). Calculate the highest common factor of j and s.
18
Suppose -3*f + 4*w - 8 = 0, -2*f = -5*f - 2*w + 22. Suppose 2*i + 13 - 64 = -x, -f = -4*x. What is the highest common divisor of 5 and i?
5
Suppose -4*w = -5*k + 66, 4*k + 2*w = k + 44. Let n = 197 + -91. Let f = 162 - n. What is the highest common divisor of f and k?
14
Suppose -5*d + 259 = 4*j + 78, -3*j = 3. Let p = 38 - d. Calculate the highest common factor of 11 and p.
1
Suppose 73*b - 2743 - 7112 = 0. What is the greatest common factor of b and 3645?
135
Let z = -19 + 131. What is the greatest common factor of z and 32?
16
Let p be 3/6*0/2. Let l(y) = y**2 + 5*y + 99. Let g be l(p). What is the greatest common factor of g and 11?
11
Let d(h) = 7*h + 364. Let n be d(-43). Let x = 2 - -5. Calculate the highest common factor of n and x.
7
Let z be (-12)/1*4/(-4). Let g = -8 + z. Let t be g/10 + 86/10. Calculate the greatest common factor of t and 63.
9
Let t(k) = 3*k**2 + 5*k - 35. Let g be t(-15). What is the highest common factor of 226 and g?
113
Let h = 565 + -432. Calculate the highest common factor of h and 57.
19
Suppose 140 = -6219*d + 6224*d. What is the greatest common factor of d and 5068?
28
Suppose -3*a + d = 2, 4*a - 5*d = 2 - 12. Suppose a = -2*y + i + 204, y = -2*y - 4*i + 328. What is the greatest common divisor of y and 13?
13
Let m(u) = 22*u - 58. Let d be m(11). Calculate the greatest common factor of d and 16.
8
Let b be 3332/15 + 20/(-150) + -5 + 0. Let w be 2/(-4) - (-126)/4. Calculate the highest common divisor of w and b.
31
Let r = -71 - -503. Calculate the greatest common divisor of r and 108.
108
Suppose 4*o + 2*i - 170 = 0, 0*o + 2*o + 4*i - 70 = 0. What is the highest common factor of o and 36?
9
Let t(m) be the first derivative of 2*m**3 - 3*m**2 - 4*m + 9. Let q be t(3). Calculate the greatest common divisor of q and 4.
4
Suppose -3*g = 81 + 63. Let z be 582/8 - g/(-64). Calculate the greatest common factor of z and 108.
36
Let m be (-8 + 3)*132/(-5). Suppose -3*d + 2*g + 258 + m = 0, 0 = -4*d + 5*g + 513. Calculate the greatest common divisor of d and 12.
12
Suppose 5*r = -5*n + 455, n - 4*n = 5*r - 271. Let q = n + -58. Suppose 0 = -g - 3*g + 204. Calculate the highest common factor of q and g.
17
Let f(n) be the third derivative of n**4/12 + 3*n**3/2 - 4*n**2. Let w be f(3). Calculate the greatest common divisor of 30 and w.
15
Suppose -6*c + c = 80. Let 